{"id":100,"date":"2021-05-30T09:43:24","date_gmt":"2021-05-30T09:43:24","guid":{"rendered":"https:\/\/fgh.com.mx\/portal\/?page_id=100"},"modified":"2025-08-20T15:04:01","modified_gmt":"2025-08-20T15:04:01","slug":"nuestro-equipo","status":"publish","type":"page","link":"https:\/\/fgh.com.mx\/portal\/nuestro-equipo\/","title":{"rendered":"Nuestro Equipo"},"content":{"rendered":"<div class=\"wpb-content-wrapper\"><div data-vc-full-width=\"true\" data-vc-full-width-temp=\"true\" data-vc-full-width-init=\"false\" data-vc-stretch-content=\"true\" class=\"vc_row wpb_row vc_row-fluid vc_row-no-padding\"><div class=\"wpb_column vc_column_container vc_col-sm-12 sc_layouts_column_icons_position_left\"><div class=\"vc_column-inner\"><div class=\"wpb_wrapper\"><div class=\"sc_content_wrap sc_push_large sc_push_hide_on_mobile\"><div id=\"sc_content_1133238371\"\n\t\tclass=\"sc_content color_style_default sc_content_default sc_content_width_100p sc_float_center  vc_custom_1512652676204\"><div class=\"sc_content_container\"><div id=\"sc_content_1770034422\"\n\t\tclass=\"sc_content color_style_default color_style_default sc_content_default sc_content_width_1_1 sc_float_center\"><div class=\"sc_content_container\"><div class=\"vc_empty_space  height_large\"   style=\"height: 50px\"><span class=\"vc_empty_space_inner\"><\/span><\/div><div id=\"sc_title_249191599\"\n\t\tclass=\"sc_title color_style_default sc_title_alter\"><h6 class=\"sc_item_subtitle sc_title_subtitle sc_align_left sc_item_title_style_alter\">Conoce a nuestros l\u00edderes<\/h6><h2 class=\"sc_item_title sc_title_title sc_align_left sc_item_title_style_alter sc_item_title_tag\">Directores Senior<\/h2><\/div><!-- \/.sc_title --><div class=\"vc_empty_space  vc_custom_1622575644316 height_small\"   style=\"height: 32px\"><span class=\"vc_empty_space_inner\"><\/span><\/div><div class=\"sc_team color_style_default sc_team_default\"><div class=\"sc_team_columns_wrap sc_item_columns trx_addons_columns_wrap columns_padding_bottom\"><div class=\"trx_addons_column-1_4\"><div class=\"sc_team_item\">\n\t<div class=\"post_featured with_thumb hover_dots sc_team_item_thumb\"><img loading=\"lazy\" decoding=\"async\" width=\"512\" height=\"512\" src=\"https:\/\/fgh.com.mx\/portal\/wp-content\/uploads\/2025\/10\/Franco071025.jpg\" class=\"attachment-consultor-thumb-defteam size-consultor-thumb-defteam wp-post-image\" alt=\"\" srcset=\"https:\/\/fgh.com.mx\/portal\/wp-content\/uploads\/2025\/10\/Franco071025.jpg 512w, https:\/\/fgh.com.mx\/portal\/wp-content\/uploads\/2025\/10\/Franco071025-300x300.jpg 300w, https:\/\/fgh.com.mx\/portal\/wp-content\/uploads\/2025\/10\/Franco071025-150x150.jpg 150w, https:\/\/fgh.com.mx\/portal\/wp-content\/uploads\/2025\/10\/Franco071025-370x370.jpg 370w, https:\/\/fgh.com.mx\/portal\/wp-content\/uploads\/2025\/10\/Franco071025-180x180.jpg 180w, https:\/\/fgh.com.mx\/portal\/wp-content\/uploads\/2025\/10\/Franco071025-498x498.jpg 498w\" sizes=\"auto, (max-width: 512px) 100vw, 512px\" \/><div class=\"mask\"><\/div><a href=\"https:\/\/fgh.com.mx\/portal\/team\/jose-franco\/\" aria-hidden=\"true\" class=\"icons\"><span><\/span><span><\/span><span><\/span><\/a><\/div>\t<div class=\"sc_team_item_info\">\n\t\t<div class=\"sc_team_item_header\">\n\t\t\t<h5 class=\"sc_team_item_title\"><a href=\"https:\/\/fgh.com.mx\/portal\/team\/jose-franco\/\">Jose Juli\u00e1n Franco Oyanguren<\/a><\/h5>\n\t\t\t<div class=\"sc_team_item_subtitle\">Director Senior<\/div>\n\t\t<\/div>\n\t\t<div class=\"sc_team_item_content\"><p>En mas de 35 a\u00f1os de experiencia financiera y de negocios, destacan sus actividades como Director Regional de Nacional Financiera S.A. en diversas regiones del pa\u00eds ocupando las posiciones de decisi\u00f3n de Cr\u00e9dito y direcci\u00f3n durante 15 a\u00f1os de 1972-1986.&hellip;<\/p>\n<\/div>\n\t\t<div class=\"sc_team_item_socials socials_wrap\"><\/div>\t\t<div class=\"sc_team_item_button\"><a href=\"https:\/\/fgh.com.mx\/portal\/team\/jose-franco\/\" class=\"sc_button sc_button_simple\">Learn more<\/a><\/div>\n\t<\/div>\n<\/div>\n<\/div><div class=\"trx_addons_column-1_4\"><div class=\"sc_team_item\">\n\t<div class=\"post_featured with_thumb hover_dots sc_team_item_thumb\"><img loading=\"lazy\" decoding=\"async\" width=\"512\" height=\"512\" src=\"https:\/\/fgh.com.mx\/portal\/wp-content\/uploads\/2025\/10\/Wences071025.jpg\" class=\"attachment-consultor-thumb-defteam size-consultor-thumb-defteam wp-post-image\" alt=\"\" srcset=\"https:\/\/fgh.com.mx\/portal\/wp-content\/uploads\/2025\/10\/Wences071025.jpg 512w, https:\/\/fgh.com.mx\/portal\/wp-content\/uploads\/2025\/10\/Wences071025-300x300.jpg 300w, https:\/\/fgh.com.mx\/portal\/wp-content\/uploads\/2025\/10\/Wences071025-150x150.jpg 150w, https:\/\/fgh.com.mx\/portal\/wp-content\/uploads\/2025\/10\/Wences071025-370x370.jpg 370w, https:\/\/fgh.com.mx\/portal\/wp-content\/uploads\/2025\/10\/Wences071025-180x180.jpg 180w, https:\/\/fgh.com.mx\/portal\/wp-content\/uploads\/2025\/10\/Wences071025-498x498.jpg 498w\" sizes=\"auto, (max-width: 512px) 100vw, 512px\" \/><div class=\"mask\"><\/div><a href=\"https:\/\/fgh.com.mx\/portal\/team\/wenceslao-lopez\/\" aria-hidden=\"true\" class=\"icons\"><span><\/span><span><\/span><span><\/span><\/a><\/div>\t<div class=\"sc_team_item_info\">\n\t\t<div class=\"sc_team_item_header\">\n\t\t\t<h5 class=\"sc_team_item_title\"><a href=\"https:\/\/fgh.com.mx\/portal\/team\/wenceslao-lopez\/\">Wenceslao Lopez Goerne<\/a><\/h5>\n\t\t\t<div class=\"sc_team_item_subtitle\">Director Senior<\/div>\n\t\t<\/div>\n\t\t<div class=\"sc_team_item_content\"><p>Direcci\u00f3n especializada en el \u00e1rea financiera y administrativa en empresas p\u00fablicas cotizadas en la Bolsa Mexicana de Valores y las Bolsas internacionales como NYSE (New York Stock Exchange), AMEX (American Stock Exchage), Bolsa de Luxemburgo y otros mercados formales. Colocaciones&hellip;<\/p>\n<\/div>\n\t\t<div class=\"sc_team_item_socials socials_wrap\"><\/div>\t\t<div class=\"sc_team_item_button\"><a href=\"https:\/\/fgh.com.mx\/portal\/team\/wenceslao-lopez\/\" class=\"sc_button sc_button_simple\">Learn more<\/a><\/div>\n\t<\/div>\n<\/div>\n<\/div><div class=\"trx_addons_column-1_4\"><div class=\"sc_team_item\">\n\t<div class=\"post_featured with_thumb hover_dots sc_team_item_thumb\"><img loading=\"lazy\" decoding=\"async\" width=\"512\" height=\"512\" src=\"https:\/\/fgh.com.mx\/portal\/wp-content\/uploads\/2025\/10\/jaimeSanchez071025.jpg\" class=\"attachment-consultor-thumb-defteam size-consultor-thumb-defteam wp-post-image\" alt=\"\" srcset=\"https:\/\/fgh.com.mx\/portal\/wp-content\/uploads\/2025\/10\/jaimeSanchez071025.jpg 512w, https:\/\/fgh.com.mx\/portal\/wp-content\/uploads\/2025\/10\/jaimeSanchez071025-300x300.jpg 300w, https:\/\/fgh.com.mx\/portal\/wp-content\/uploads\/2025\/10\/jaimeSanchez071025-150x150.jpg 150w, https:\/\/fgh.com.mx\/portal\/wp-content\/uploads\/2025\/10\/jaimeSanchez071025-370x370.jpg 370w, https:\/\/fgh.com.mx\/portal\/wp-content\/uploads\/2025\/10\/jaimeSanchez071025-180x180.jpg 180w, https:\/\/fgh.com.mx\/portal\/wp-content\/uploads\/2025\/10\/jaimeSanchez071025-498x498.jpg 498w\" sizes=\"auto, (max-width: 512px) 100vw, 512px\" \/><div class=\"mask\"><\/div><a href=\"https:\/\/fgh.com.mx\/portal\/team\/jaime-sanchez\/\" aria-hidden=\"true\" class=\"icons\"><span><\/span><span><\/span><span><\/span><\/a><\/div>\t<div class=\"sc_team_item_info\">\n\t\t<div class=\"sc_team_item_header\">\n\t\t\t<h5 class=\"sc_team_item_title\"><a href=\"https:\/\/fgh.com.mx\/portal\/team\/jaime-sanchez\/\">Jaime <br> S\u00e1nchez Flores<\/a><\/h5>\n\t\t\t<div class=\"sc_team_item_subtitle\">Direcci\u00f3n Noroeste<\/div>\n\t\t<\/div>\n\t\t<div class=\"sc_team_item_content\"><p>Experiencia en el sector Burs\u00e1til y Bancario con cargos gerenciales y de administraci\u00f3n operativa por m\u00e1s de 25 a\u00f1os, en instituciones como BANAMEX, OPERADORA DE BOLSA y BANCA SERF\u00cdN entre otras. Participando en comit\u00e9s corporativos de decisi\u00f3n crediticia y comit\u00e9s&hellip;<\/p>\n<\/div>\n\t\t<div class=\"sc_team_item_socials socials_wrap\"><\/div>\t\t<div class=\"sc_team_item_button\"><a href=\"https:\/\/fgh.com.mx\/portal\/team\/jaime-sanchez\/\" class=\"sc_button sc_button_simple\">Learn more<\/a><\/div>\n\t<\/div>\n<\/div>\n<\/div><div class=\"trx_addons_column-1_4\"><div class=\"sc_team_item\">\n\t<div class=\"post_featured with_thumb hover_dots sc_team_item_thumb\"><img loading=\"lazy\" decoding=\"async\" width=\"512\" height=\"512\" src=\"https:\/\/fgh.com.mx\/portal\/wp-content\/uploads\/2025\/10\/paco-carmona071025.jpg\" class=\"attachment-consultor-thumb-defteam size-consultor-thumb-defteam wp-post-image\" alt=\"\" srcset=\"https:\/\/fgh.com.mx\/portal\/wp-content\/uploads\/2025\/10\/paco-carmona071025.jpg 512w, https:\/\/fgh.com.mx\/portal\/wp-content\/uploads\/2025\/10\/paco-carmona071025-300x300.jpg 300w, https:\/\/fgh.com.mx\/portal\/wp-content\/uploads\/2025\/10\/paco-carmona071025-150x150.jpg 150w, https:\/\/fgh.com.mx\/portal\/wp-content\/uploads\/2025\/10\/paco-carmona071025-370x370.jpg 370w, https:\/\/fgh.com.mx\/portal\/wp-content\/uploads\/2025\/10\/paco-carmona071025-180x180.jpg 180w, https:\/\/fgh.com.mx\/portal\/wp-content\/uploads\/2025\/10\/paco-carmona071025-498x498.jpg 498w\" sizes=\"auto, (max-width: 512px) 100vw, 512px\" \/><div class=\"mask\"><\/div><a href=\"https:\/\/fgh.com.mx\/portal\/team\/franciscocarmona\/\" aria-hidden=\"true\" class=\"icons\"><span><\/span><span><\/span><span><\/span><\/a><\/div>\t<div class=\"sc_team_item_info\">\n\t\t<div class=\"sc_team_item_header\">\n\t\t\t<h5 class=\"sc_team_item_title\"><a href=\"https:\/\/fgh.com.mx\/portal\/team\/franciscocarmona\/\">Francisco <br>Carmona Dom\u00ednguez<\/a><\/h5>\n\t\t\t<div class=\"sc_team_item_subtitle\">Director<\/div>\n\t\t<\/div>\n\t\t<div class=\"sc_team_item_content\"><p>M\u00e1s de 35 a\u00f1os de experiencia en Direcci\u00f3n de negocios en ramas como Bien Raiz, Manufactura y empresas de servicios. Direcci\u00f3n de Plantas de Manufactura orientada a rentabilidad y costos mediante Lean Manufacturing y excelencia en la manufactura con experiencia&hellip;<\/p>\n<\/div>\n\t\t<div class=\"sc_team_item_socials socials_wrap\"><\/div>\t\t<div class=\"sc_team_item_button\"><a href=\"https:\/\/fgh.com.mx\/portal\/team\/franciscocarmona\/\" class=\"sc_button sc_button_simple\">Learn more<\/a><\/div>\n\t<\/div>\n<\/div>\n<\/div><\/div><\/div><!-- \/.sc_team --><div class=\"vc_empty_space  height_large\"   style=\"height: 32px\"><span class=\"vc_empty_space_inner\"><\/span><\/div><\/div><\/div><!-- \/.sc_content --><\/div><\/div><!-- \/.sc_content --><\/div><!-- \/.sc_content_wrap --><\/div><\/div><\/div><\/div><div class=\"vc_row-full-width vc_clearfix\"><\/div><div data-vc-full-width=\"true\" data-vc-full-width-temp=\"true\" data-vc-full-width-init=\"false\" data-vc-stretch-content=\"true\" class=\"vc_row wpb_row vc_row-fluid vc_row-no-padding\"><div class=\"wpb_column vc_column_container vc_col-sm-12 sc_layouts_column_icons_position_left\"><div class=\"vc_column-inner\"><div class=\"wpb_wrapper\"><div class=\"sc_content_wrap sc_push_large sc_push_hide_on_mobile\"><div id=\"sc_content_980457741\"\n\t\tclass=\"sc_content color_style_default sc_content_default sc_content_width_100p sc_float_center  vc_custom_1512652676204\"><div class=\"sc_content_container\"><div id=\"sc_content_1033087142\"\n\t\tclass=\"sc_content color_style_default color_style_default sc_content_default sc_content_width_1_1 sc_float_center\"><div class=\"sc_content_container\"><div class=\"vc_empty_space  height_large\"   style=\"height: 50px\"><span class=\"vc_empty_space_inner\"><\/span><\/div><div id=\"sc_title_727465845\"\n\t\tclass=\"sc_title color_style_default sc_title_alter\"><h2 class=\"sc_item_title sc_title_title sc_align_left sc_item_title_style_alter sc_item_title_tag\">Asociados<\/h2><\/div><!-- \/.sc_title --><div class=\"vc_empty_space  vc_custom_1622575644316 height_small\"   style=\"height: 32px\"><span class=\"vc_empty_space_inner\"><\/span><\/div><div class=\"sc_team color_style_default sc_team_default\"><div class=\"sc_team_columns_wrap sc_item_columns trx_addons_columns_wrap columns_padding_bottom\"><div class=\"trx_addons_column-1_4\"><div class=\"sc_team_item\">\n\t<div class=\"post_featured with_thumb hover_dots sc_team_item_thumb\"><img decoding=\"async\" src=\"https:\/\/fgh.com.mx\/portal\/wp-content\/themes\/consultor\/images\/no-image.jpg\" alt=\"Benjam\u00edn &lt;br&gt;Beltr\u00e1n Namorado\"><div class=\"mask\"><\/div><a href=\"https:\/\/fgh.com.mx\/portal\/team\/benjamin-beltran-namorado\/\" aria-hidden=\"true\" class=\"icons\"><span><\/span><span><\/span><span><\/span><\/a><\/div>\t<div class=\"sc_team_item_info\">\n\t\t<div class=\"sc_team_item_header\">\n\t\t\t<h5 class=\"sc_team_item_title\"><a href=\"https:\/\/fgh.com.mx\/portal\/team\/benjamin-beltran-namorado\/\">Benjam\u00edn <br>Beltr\u00e1n Namorado<\/a><\/h5>\n\t\t\t<div class=\"sc_team_item_subtitle\">CDMX<\/div>\n\t\t<\/div>\n\t\t<div class=\"sc_team_item_content\"><\/div>\n\t\t<div class=\"sc_team_item_socials socials_wrap\"><\/div>\t\t<div class=\"sc_team_item_button\"><a href=\"https:\/\/fgh.com.mx\/portal\/team\/benjamin-beltran-namorado\/\" class=\"sc_button sc_button_simple\">Learn more<\/a><\/div>\n\t<\/div>\n<\/div>\n<\/div><div class=\"trx_addons_column-1_4\"><div class=\"sc_team_item\">\n\t<div class=\"post_featured with_thumb hover_dots sc_team_item_thumb\"><img loading=\"lazy\" decoding=\"async\" width=\"340\" height=\"150\" src=\"https:\/\/fgh.com.mx\/portal\/wp-content\/uploads\/2025\/07\/logo_legal-Fgh.jpg\" class=\"attachment-consultor-thumb-defteam size-consultor-thumb-defteam wp-post-image\" alt=\"\" srcset=\"https:\/\/fgh.com.mx\/portal\/wp-content\/uploads\/2025\/07\/logo_legal-Fgh.jpg 340w, https:\/\/fgh.com.mx\/portal\/wp-content\/uploads\/2025\/07\/logo_legal-Fgh-300x132.jpg 300w\" sizes=\"auto, (max-width: 340px) 100vw, 340px\" \/><div class=\"mask\"><\/div><a href=\"https:\/\/fgh.com.mx\/portal\/team\/francisco-moya\/\" aria-hidden=\"true\" class=\"icons\"><span><\/span><span><\/span><span><\/span><\/a><\/div>\t<div class=\"sc_team_item_info\">\n\t\t<div class=\"sc_team_item_header\">\n\t\t\t<h5 class=\"sc_team_item_title\"><a href=\"https:\/\/fgh.com.mx\/portal\/team\/francisco-moya\/\">Francisco Moya Gomes<\/a><\/h5>\n\t\t\t<div class=\"sc_team_item_subtitle\">Legal<\/div>\n\t\t<\/div>\n\t\t<div class=\"sc_team_item_content\"><\/div>\n\t\t<div class=\"sc_team_item_socials socials_wrap\"><\/div>\t\t<div class=\"sc_team_item_button\"><a href=\"https:\/\/fgh.com.mx\/portal\/team\/francisco-moya\/\" class=\"sc_button sc_button_simple\">Learn more<\/a><\/div>\n\t<\/div>\n<\/div>\n<\/div><div class=\"trx_addons_column-1_4\"><div class=\"sc_team_item\">\n\t<div class=\"post_featured with_thumb hover_dots sc_team_item_thumb\"><img loading=\"lazy\" decoding=\"async\" width=\"340\" height=\"150\" src=\"https:\/\/fgh.com.mx\/portal\/wp-content\/uploads\/2025\/07\/logo_pkf-Fgh.png\" class=\"attachment-consultor-thumb-defteam size-consultor-thumb-defteam wp-post-image\" alt=\"\" srcset=\"https:\/\/fgh.com.mx\/portal\/wp-content\/uploads\/2025\/07\/logo_pkf-Fgh.png 340w, https:\/\/fgh.com.mx\/portal\/wp-content\/uploads\/2025\/07\/logo_pkf-Fgh-300x132.png 300w\" sizes=\"auto, (max-width: 340px) 100vw, 340px\" \/><div class=\"mask\"><\/div><a href=\"https:\/\/fgh.com.mx\/portal\/team\/oscar-dominguez\/\" aria-hidden=\"true\" class=\"icons\"><span><\/span><span><\/span><span><\/span><\/a><\/div>\t<div class=\"sc_team_item_info\">\n\t\t<div class=\"sc_team_item_header\">\n\t\t\t<h5 class=\"sc_team_item_title\"><a href=\"https:\/\/fgh.com.mx\/portal\/team\/oscar-dominguez\/\">Oscar <br>Dominguez Huerta<\/a><\/h5>\n\t\t\t<div class=\"sc_team_item_subtitle\">PKF Auditoria<\/div>\n\t\t<\/div>\n\t\t<div class=\"sc_team_item_content\"><\/div>\n\t\t<div class=\"sc_team_item_socials socials_wrap\"><a target=\"_blank\" href=\"https:\/\/www.pkf.com.mx\/\" class=\"social_item social_item_style_icons social_item_type_icons\"><span class=\"social_icon social_icon_globe\"><span class=\"icon-globe\"><\/span><\/span><\/a><\/div>\t\t<div class=\"sc_team_item_button\"><a href=\"https:\/\/fgh.com.mx\/portal\/team\/oscar-dominguez\/\" class=\"sc_button sc_button_simple\">Learn more<\/a><\/div>\n\t<\/div>\n<\/div>\n<\/div><div class=\"trx_addons_column-1_4\"><div class=\"sc_team_item\">\n\t<div class=\"post_featured with_thumb hover_dots sc_team_item_thumb\"><img loading=\"lazy\" decoding=\"async\" width=\"340\" height=\"150\" src=\"https:\/\/fgh.com.mx\/portal\/wp-content\/uploads\/2025\/07\/logo_star-ops-Fgh-1.jpg\" class=\"attachment-consultor-thumb-defteam size-consultor-thumb-defteam wp-post-image\" alt=\"\" srcset=\"https:\/\/fgh.com.mx\/portal\/wp-content\/uploads\/2025\/07\/logo_star-ops-Fgh-1.jpg 340w, https:\/\/fgh.com.mx\/portal\/wp-content\/uploads\/2025\/07\/logo_star-ops-Fgh-1-300x132.jpg 300w\" sizes=\"auto, (max-width: 340px) 100vw, 340px\" \/><div class=\"mask\"><\/div><a href=\"https:\/\/fgh.com.mx\/portal\/team\/roberto-cornejo-reindl\/\" aria-hidden=\"true\" class=\"icons\"><span><\/span><span><\/span><span><\/span><\/a><\/div>\t<div class=\"sc_team_item_info\">\n\t\t<div class=\"sc_team_item_header\">\n\t\t\t<h5 class=\"sc_team_item_title\"><a href=\"https:\/\/fgh.com.mx\/portal\/team\/roberto-cornejo-reindl\/\">Roberto <br>Cornejo Reindl<\/a><\/h5>\n\t\t\t<div class=\"sc_team_item_subtitle\">Start-ops<\/div>\n\t\t<\/div>\n\t\t<div class=\"sc_team_item_content\"><\/div>\n\t\t<div class=\"sc_team_item_socials socials_wrap\"><a target=\"_blank\" href=\"https:\/\/start-ops.com.mx\/\" class=\"social_item social_item_style_icons social_item_type_icons\"><span class=\"social_icon social_icon_globe\"><span class=\"icon-globe\"><\/span><\/span><\/a><\/div>\t\t<div class=\"sc_team_item_button\"><a href=\"https:\/\/fgh.com.mx\/portal\/team\/roberto-cornejo-reindl\/\" class=\"sc_button sc_button_simple\">Learn more<\/a><\/div>\n\t<\/div>\n<\/div>\n<\/div><div class=\"trx_addons_column-1_4\"><div class=\"sc_team_item\">\n\t<div class=\"post_featured with_thumb hover_dots sc_team_item_thumb\"><img loading=\"lazy\" decoding=\"async\" width=\"340\" height=\"150\" src=\"https:\/\/fgh.com.mx\/portal\/wp-content\/uploads\/2025\/07\/logo_aime-Fgh-1.jpg\" class=\"attachment-consultor-thumb-defteam size-consultor-thumb-defteam wp-post-image\" alt=\"\" srcset=\"https:\/\/fgh.com.mx\/portal\/wp-content\/uploads\/2025\/07\/logo_aime-Fgh-1.jpg 340w, https:\/\/fgh.com.mx\/portal\/wp-content\/uploads\/2025\/07\/logo_aime-Fgh-1-300x132.jpg 300w\" sizes=\"auto, (max-width: 340px) 100vw, 340px\" \/><div class=\"mask\"><\/div><a href=\"https:\/\/fgh.com.mx\/portal\/team\/alonso-ruiz\/\" aria-hidden=\"true\" class=\"icons\"><span><\/span><span><\/span><span><\/span><\/a><\/div>\t<div class=\"sc_team_item_info\">\n\t\t<div class=\"sc_team_item_header\">\n\t\t\t<h5 class=\"sc_team_item_title\"><a href=\"https:\/\/fgh.com.mx\/portal\/team\/alonso-ruiz\/\">Alonso Ruiz Huerta<\/a><\/h5>\n\t\t\t<div class=\"sc_team_item_subtitle\">Sistemas, TI<\/div>\n\t\t<\/div>\n\t\t<div class=\"sc_team_item_content\"><\/div>\n\t\t<div class=\"sc_team_item_socials socials_wrap\"><a target=\"_blank\" href=\"https:\/\/aime.mx\" class=\"social_item social_item_style_icons social_item_type_icons\"><span class=\"social_icon social_icon_globe\"><span class=\"icon-globe\"><\/span><\/span><\/a><a target=\"_blank\" href=\"http:\/\/linkedin.com\/in\/alonso-ruiz-huerta-23007122\" class=\"social_item social_item_style_icons social_item_type_icons\"><span class=\"social_icon social_icon_linkedin\"><span class=\"icon-linkedin\"><\/span><\/span><\/a><\/div>\t\t<div class=\"sc_team_item_button\"><a href=\"https:\/\/fgh.com.mx\/portal\/team\/alonso-ruiz\/\" class=\"sc_button sc_button_simple\">Learn more<\/a><\/div>\n\t<\/div>\n<\/div>\n<\/div><div class=\"trx_addons_column-1_4\"><div class=\"sc_team_item\">\n\t<div class=\"post_featured with_thumb hover_dots sc_team_item_thumb\"><img loading=\"lazy\" decoding=\"async\" width=\"340\" height=\"150\" src=\"https:\/\/fgh.com.mx\/portal\/wp-content\/uploads\/2025\/07\/logos_operaciones-Fgh.jpg\" class=\"attachment-consultor-thumb-defteam size-consultor-thumb-defteam wp-post-image\" alt=\"\" srcset=\"https:\/\/fgh.com.mx\/portal\/wp-content\/uploads\/2025\/07\/logos_operaciones-Fgh.jpg 340w, https:\/\/fgh.com.mx\/portal\/wp-content\/uploads\/2025\/07\/logos_operaciones-Fgh-300x132.jpg 300w\" sizes=\"auto, (max-width: 340px) 100vw, 340px\" \/><div class=\"mask\"><\/div><a href=\"https:\/\/fgh.com.mx\/portal\/team\/pedro-encinas\/\" aria-hidden=\"true\" class=\"icons\"><span><\/span><span><\/span><span><\/span><\/a><\/div>\t<div class=\"sc_team_item_info\">\n\t\t<div class=\"sc_team_item_header\">\n\t\t\t<h5 class=\"sc_team_item_title\"><a href=\"https:\/\/fgh.com.mx\/portal\/team\/pedro-encinas\/\">Pedro Encinas Mendoza<\/a><\/h5>\n\t\t\t<div class=\"sc_team_item_subtitle\">Operaciones<\/div>\n\t\t<\/div>\n\t\t<div class=\"sc_team_item_content\"><\/div>\n\t\t<div class=\"sc_team_item_socials socials_wrap\"><\/div>\t\t<div class=\"sc_team_item_button\"><a href=\"https:\/\/fgh.com.mx\/portal\/team\/pedro-encinas\/\" class=\"sc_button sc_button_simple\">Learn more<\/a><\/div>\n\t<\/div>\n<\/div>\n<\/div><\/div><\/div><!-- \/.sc_team --><div class=\"sc_team color_style_default sc_team_default\"><h3 class=\"sc_item_title sc_team_title sc_align_left sc_item_title_style_default\">Bancos de Inversi\u00f3n Asociados<\/h3><div class=\"sc_team_columns_wrap sc_item_columns trx_addons_columns_wrap columns_padding_bottom\"><div class=\"trx_addons_column-1_4\"><div class=\"sc_team_item\">\n\t<div class=\"post_featured with_thumb hover_dots sc_team_item_thumb\"><img loading=\"lazy\" decoding=\"async\" width=\"310\" height=\"109\" src=\"https:\/\/fgh.com.mx\/portal\/wp-content\/uploads\/2017\/07\/logo_chatsworthgroup1.png\" class=\"attachment-consultor-thumb-defteam size-consultor-thumb-defteam wp-post-image\" alt=\"\" srcset=\"https:\/\/fgh.com.mx\/portal\/wp-content\/uploads\/2017\/07\/logo_chatsworthgroup1.png 310w, https:\/\/fgh.com.mx\/portal\/wp-content\/uploads\/2017\/07\/logo_chatsworthgroup1-300x105.png 300w\" sizes=\"auto, (max-width: 310px) 100vw, 310px\" \/><div class=\"mask\"><\/div><a href=\"https:\/\/fgh.com.mx\/portal\/team\/chatsworth-securities\/\" aria-hidden=\"true\" class=\"icons\"><span><\/span><span><\/span><span><\/span><\/a><\/div>\t<div class=\"sc_team_item_info\">\n\t\t<div class=\"sc_team_item_header\">\n\t\t\t<h5 class=\"sc_team_item_title\"><a href=\"https:\/\/fgh.com.mx\/portal\/team\/chatsworth-securities\/\">Chatsworth <br>Securities LLC<\/a><\/h5>\n\t\t\t<div class=\"sc_team_item_subtitle\">Chatsworth Securities LLC (\"Chatsworth\")<\/div>\n\t\t<\/div>\n\t\t<div class=\"sc_team_item_content\"><p>Todos los directores generales de Chatsworth tienen experiencia trabajando en los principales bancos de inversi\u00f3n y complejos de gesti\u00f3n de activos. Como tal, aportan el mismo nivel de experiencia, profesionalismo y servicios a las peque\u00f1as y medianas empresas a las&hellip;<\/p>\n<\/div>\n\t\t<div class=\"sc_team_item_socials socials_wrap\"><a target=\"_blank\" href=\"https:\/\/www.chatsworthgroup.com\/\" class=\"social_item social_item_style_icons social_item_type_icons\"><span class=\"social_icon social_icon_globe\"><span class=\"icon-globe\"><\/span><\/span><\/a><\/div>\t\t<div class=\"sc_team_item_button\"><a href=\"https:\/\/fgh.com.mx\/portal\/team\/chatsworth-securities\/\" class=\"sc_button sc_button_simple\">Learn more<\/a><\/div>\n\t<\/div>\n<\/div>\n<\/div><\/div><\/div><!-- \/.sc_team --><div class=\"vc_empty_space  height_large\"   style=\"height: 32px\"><span class=\"vc_empty_space_inner\"><\/span><\/div><\/div><\/div><!-- \/.sc_content --><\/div><\/div><!-- \/.sc_content --><\/div><!-- \/.sc_content_wrap --><\/div><\/div><\/div><\/div><div class=\"vc_row-full-width vc_clearfix\"><\/div>\n<\/div>","protected":false},"excerpt":{"rendered":"Todos los directores generales de Chatsworth tienen experiencia trabajando en los principales bancos de inversi\u00f3n y complejos de gesti\u00f3n de activos. Como tal, aportan el mismo nivel de experiencia, profesionalismo y servicios a las peque\u00f1as y medianas empresas a las&hellip;","protected":false},"author":1,"featured_media":0,"parent":0,"menu_order":0,"comment_status":"closed","ping_status":"closed","template":"","meta":{"footnotes":""},"class_list":["post-100","page","type-page","status-publish","hentry"],"_links":{"self":[{"href":"https:\/\/fgh.com.mx\/portal\/wp-json\/wp\/v2\/pages\/100","targetHints":{"allow":["GET"]}}],"collection":[{"href":"https:\/\/fgh.com.mx\/portal\/wp-json\/wp\/v2\/pages"}],"about":[{"href":"https:\/\/fgh.com.mx\/portal\/wp-json\/wp\/v2\/types\/page"}],"author":[{"embeddable":true,"href":"https:\/\/fgh.com.mx\/portal\/wp-json\/wp\/v2\/users\/1"}],"replies":[{"embeddable":true,"href":"https:\/\/fgh.com.mx\/portal\/wp-json\/wp\/v2\/comments?post=100"}],"version-history":[{"count":33,"href":"https:\/\/fgh.com.mx\/portal\/wp-json\/wp\/v2\/pages\/100\/revisions"}],"predecessor-version":[{"id":1281,"href":"https:\/\/fgh.com.mx\/portal\/wp-json\/wp\/v2\/pages\/100\/revisions\/1281"}],"wp:attachment":[{"href":"https:\/\/fgh.com.mx\/portal\/wp-json\/wp\/v2\/media?parent=100"}],"curies":[{"name":"wp","href":"https:\/\/api.w.org\/{rel}","templated":true}]}}